factors of 43433.
13, 257
List the prime factors of 774.
2, 3, 43
List the prime factors of 32156.
2, 8039
List the prime factors of 1414.
2, 7, 101
What are the prime factors of 4143?
3, 1381
List the prime factors of 15689.
29, 541
List the prime factors of 1652.
2, 7, 59
What are the prime factors of 11046?
2, 3, 7, 263
What are the prime factors of 1067?
11, 97
List the prime factors of 12572.
2, 7, 449
List the prime factors of 11287.
11287
What are the prime factors of 24350?
2, 5, 487
What are the prime factors of 3886?
2, 29, 67
List the prime factors of 12494.
2, 6247
List the prime factors of 45873.
3, 1699
What are the prime factors of 8529?
3, 2843
List the prime factors of 2415.
3, 5, 7, 23
What are the prime factors of 26299?
7, 13, 17
List the prime factors of 3868.
2, 967
What are the prime factors of 127?
127
List the prime factors of 1397.
11, 127
List the prime factors of 7646.
2, 3823
What are the prime factors of 43003?
43003
What are the prime factors of 12589?
12589
List the prime factors of 1575.
3, 5, 7
What are the prime factors of 119898?
2, 3, 6661
List the prime factors of 486.
2, 3
List the prime factors of 108434.
2, 54217
List the prime factors of 6024.
2, 3, 251
What are the prime factors of 10570?
2, 5, 7, 151
List the prime factors of 37264.
2, 17, 137
List the prime factors of 3938.
2, 11, 179
List the prime factors of 6210.
2, 3, 5, 23
List the prime factors of 19960.
2, 5, 499
What are the prime factors of 15601?
15601
What are the prime factors of 28636?
2, 7159
List the prime factors of 12454.
2, 13, 479
List the prime factors of 67055.
5, 13411
What are the prime factors of 29534?
2, 14767
What are the prime factors of 2926?
2, 7, 11, 19
List the prime factors of 1506.
2, 3, 251
List the prime factors of 408.
2, 3, 17
What are the prime factors of 24341?
101, 241
List the prime factors of 125203.
13, 9631
List the prime factors of 12561.
3, 53, 79
What are the prime factors of 521?
521
What are the prime factors of 8929?
8929
List the prime factors of 19973.
19973
List the prime factors of 75730.
2, 5, 7573
List the prime factors of 33987.
3, 11329
List the prime factors of 84022.
2, 43, 977
List the prime factors of 1744.
2, 109
What are the prime factors of 3471?
3, 13, 89
What are the prime factors of 16106?
2, 8053
List the prime factors of 5086.
2, 2543
What are the prime factors of 6857?
6857
List the prime factors of 715.
5, 11, 13
List the prime factors of 12036.
2, 3, 17, 59
What are the prime factors of 34058?
2, 17029
List the prime factors of 9067.
9067
What are the prime factors of 16276?
2, 13, 313
List the prime factors of 1152.
2, 3
What are the prime factors of 31502?
2, 19, 829
What are the prime factors of 305?
5, 61
List the prime factors of 3116.
2, 19, 41
What are the prime factors of 18098?
2, 9049
What are the prime factors of 52812?
2, 3, 163
What are the prime factors of 1737?
3, 193
List the prime factors of 15727.
15727
What are the prime factors of 17411?
23, 757
List the prime factors of 6830.
2, 5, 683
What are the prime factors of 1174?
2, 587
List the prime factors of 21589.
21589
List the prime factors of 1094.
2, 547
List the prime factors of 122217.
3, 40739
What are the prime factors of 6763?
6763
List the prime factors of 10518.
2, 3, 1753
What are the prime factors of 12671?
12671
What are the prime factors of 2270?
2, 5, 227
What are the prime factors of 15073?
15073
List the prime factors of 83764.
2, 43, 487
List the prime factors of 1953.
3, 7, 31
List the prime factors of 4349.
4349
List the prime factors of 8665.
5, 1733
List the prime factors of 28414.
2, 14207
List the prime factors of 84873.
3, 19, 1489
What are the prime factors of 11181?
3, 3727
List the prime factors of 125301.
3, 11, 3797
List the prime factors of 2146.
2, 29, 37
What are the prime factors of 2031?
3, 677
What are the prime factors of 78131?
23, 43, 79
List the prime factors of 768.
2, 3
What are the prime factors of 197?
197
List the prime factors of 18018.
2, 3, 7, 11, 13
List the prime factors of 9389.
41, 229
List the prime factors of 6053.
6053
List the prime factors of 10645.
5, 2129
What are the prime factors of 20085?
3, 5, 13, 103
What are the prime factors of 10241?
7, 11, 19
List the prime factors of 9631.
9631
What are the prime factors of 31421?
13, 2417
What are the prime factors of 7106?
2, 11, 17, 19
List the prime factors of 15152.
2, 947
List the prime factors of 60.
2, 3, 5
What are the prime factors of 888?
2, 3, 37
What are the prime factors of 847?
7, 11
List the prime factors of 111944.
2, 7, 1999
What are the prime factors of 1213?
1213
What are the prime factors of 16312?
2, 2039
List the prime factors of 446.
2, 223
What are the prime factors of 28747?
17, 19, 89
List the prime factors of 47755.
5, 9551
What are the prime factors of 915?
3, 5, 61
List the prime factors of 7925.
5, 317
What are the prime factors of 57223?
57223
List the prime factors of 1158.
2, 3, 193
List the prime factors of 5922.
2, 3, 7, 47
What are the prime factors of 1844?
2, 461
List the prime factors of 516.
2, 3, 43
List the prime factors of 17361.
3, 643
What are the prime factors of 71?
71
What are the prime factors of 1086?
2, 3, 181
What are the prime factors of 39627?
3, 7, 17, 37
List the prime factors of 63370.
2, 5, 6337
What are the prime factors of 3840?
2, 3, 5
What are the prime factors of 1267?
7, 181
List the prime factors of 5012.
2, 7, 179
List the prime factors of 81287.
29, 2803
What are the prime factors of 3028?
2, 757
What are the prime factors of 2076?
2, 3, 173
What are the prime factors of 9364?
2, 2341
What are the prime factors of 716?
2, 179
What are the prime factors of 552?
2, 3, 23
What are the prime factors of 62825?
5, 7, 359
What are the prime factors of 537?
3, 179
List the prime factors of 6126.
2, 3, 1021
List the prime factors of 65189.
19, 47, 73
What are the prime factors of 31?
31
List the prime factors of 4705.
5, 941
What are the prime factors of 12132?
2, 3, 337
List the prime factors of 17299.
17299
List the prime factors of 1138.
2, 569
List the prime factors of 1367.
1367
What are the prime factors of 86145?
3, 5, 5743
What are the prime factors of 309?
3, 103
What are the prime factors of 68683?
68683
What are the prime factors of 844?
2, 211
What are the prime factors of 1460?
2, 5, 73
List the prime factors of 33265.
5, 6653
What are the prime factors of 1259?
1259
List the prime factors of 719.
719
What are the prime factors of 601?
601
What are the prime factors of 684?
2, 3, 19
What are the prime factors of 942?
2, 3, 157
List the prime factors of 12393.
3, 17
List the prime factors of 6937.
7, 991
List the prime factors of 22759.
11, 2069
What are the prime factors of 3977?
41, 97
What are the prime factors of 2617?
2617
List the prime factors of 93684.
2, 3, 37, 211
What are the prime factors of 1697?
1697
List the prime factors of 295.
5, 59
List the prime factors of 1431.
3, 53
List the prime factors of 21933.
3, 2437
What are the prime factors of 609?
3, 7, 29
What are the prime factors of 10493?
7, 1499
List the prime factors of 75957.
3, 7, 3617
What are the prime factors of 3273?
3, 1091
What are the prime factors of 4842?
2, 3, 269
What are the prime factors of 1645?
5, 7, 47
What are the prime factors of 13929?
3, 4643
What are the prime factors of 5238?
2, 3, 97
List the prime factors of 2287.
2287
List the prime factors of 95590.
2, 5, 11, 79
What are the prime factors of 14023?
37, 379
List the prime factors of 6585.
3, 5, 439
List the prime factors of 7650.
2, 3, 5, 17
What are the prime factors of 6962?
2, 59
List the prime factors of 1001.
7, 11, 13
List the prime factors of 4037.
11, 367
What are the prime factors of 3666?
2, 3, 13, 47
What are the prime factors of 1531?
1531
What are the prime factors of 60?
2, 3, 5
List the prime factors of 942.
2, 3, 157
List the prime factors of 17500.
2, 5, 7
List the prime factors of 1625.
5, 13
What are the prime factors of 8363?
8363
List the prime factors of 100424.
2, 12553
List the prime factors of 151922.
2, 37, 2053
List the prime factors of 4641.
3, 7, 13, 17
List the prime factors of 17126.
2, 8563
List the prime factors of 8049.
3, 2683
What are the prime factor